{"id":30,"date":"2021-02-17T11:40:24","date_gmt":"2021-02-17T10:40:24","guid":{"rendered":"http:\/\/lepalanhardi.fr\/?page_id=30"},"modified":"2022-09-19T09:57:47","modified_gmt":"2022-09-19T07:57:47","slug":"contact","status":"publish","type":"page","link":"https:\/\/lepalanhardi.fr\/index.php\/contact\/","title":{"rendered":"Nous contacter"},"content":{"rendered":"\n<p>Nous sommes bas\u00e9-e \u00e0 Orl\u00e9ans (45 &#8211; France)<\/p>\n\n\n\n<p>N&rsquo;h\u00e9sitez pas \u00e0 nous contacter pour en savoir plus, nous proposer des collaborations ou toute autre demande :<\/p>\n\n\n\n<h2 class=\"wp-block-heading\"><strong>lepalanhardi@protonmail.com<\/strong><\/h2>\n","protected":false},"excerpt":{"rendered":"<p>Nous sommes bas\u00e9-e \u00e0 Orl\u00e9ans (45 &#8211; France) N&rsquo;h\u00e9sitez pas \u00e0 nous contacter pour en savoir plus, nous proposer des collaborations ou toute autre demande : lepalanhardi@protonmail.com<\/p>\n","protected":false},"author":1,"featured_media":0,"parent":0,"menu_order":0,"comment_status":"closed","ping_status":"closed","template":"","meta":{"footnotes":""},"class_list":["post-30","page","type-page","status-publish","hentry"],"_links":{"self":[{"href":"https:\/\/lepalanhardi.fr\/index.php\/wp-json\/wp\/v2\/pages\/30","targetHints":{"allow":["GET"]}}],"collection":[{"href":"https:\/\/lepalanhardi.fr\/index.php\/wp-json\/wp\/v2\/pages"}],"about":[{"href":"https:\/\/lepalanhardi.fr\/index.php\/wp-json\/wp\/v2\/types\/page"}],"author":[{"embeddable":true,"href":"https:\/\/lepalanhardi.fr\/index.php\/wp-json\/wp\/v2\/users\/1"}],"replies":[{"embeddable":true,"href":"https:\/\/lepalanhardi.fr\/index.php\/wp-json\/wp\/v2\/comments?post=30"}],"version-history":[{"count":6,"href":"https:\/\/lepalanhardi.fr\/index.php\/wp-json\/wp\/v2\/pages\/30\/revisions"}],"predecessor-version":[{"id":231,"href":"https:\/\/lepalanhardi.fr\/index.php\/wp-json\/wp\/v2\/pages\/30\/revisions\/231"}],"wp:attachment":[{"href":"https:\/\/lepalanhardi.fr\/index.php\/wp-json\/wp\/v2\/media?parent=30"}],"curies":[{"name":"wp","href":"https:\/\/api.w.org\/{rel}","templated":true}]}}