{"id":374,"date":"2023-12-23T18:44:41","date_gmt":"2023-12-23T17:44:41","guid":{"rendered":"http:\/\/lepalanhardi.fr\/?page_id=374"},"modified":"2024-02-15T09:36:15","modified_gmt":"2024-02-15T08:36:15","slug":"conference-gesticulee","status":"publish","type":"page","link":"https:\/\/lepalanhardi.fr\/index.php\/conference-gesticulee\/","title":{"rendered":"Conf\u00e9rence gesticul\u00e9e \u00ab\u00a0Le sport n&rsquo;est pas un jeu d&rsquo;enfant\u00a0\u00bb"},"content":{"rendered":"\n<h3 class=\"wp-block-heading\">Ou, comment je suis pass\u00e9 du sport \u00e0 &#8230;. l&rsquo;\u00e9ducation populaire !<\/h3>\n\n\n\n<figure class=\"wp-block-image size-large\"><img loading=\"lazy\" decoding=\"async\" width=\"1024\" height=\"707\" src=\"http:\/\/lepalanhardi.fr\/wp-content\/uploads\/2023\/12\/Bansky-1024x707.jpg\" alt=\"\" class=\"wp-image-380\" srcset=\"https:\/\/lepalanhardi.fr\/wp-content\/uploads\/2023\/12\/Bansky-1024x707.jpg 1024w, https:\/\/lepalanhardi.fr\/wp-content\/uploads\/2023\/12\/Bansky-300x207.jpg 300w, https:\/\/lepalanhardi.fr\/wp-content\/uploads\/2023\/12\/Bansky-768x530.jpg 768w, https:\/\/lepalanhardi.fr\/wp-content\/uploads\/2023\/12\/Bansky-1536x1060.jpg 1536w, https:\/\/lepalanhardi.fr\/wp-content\/uploads\/2023\/12\/Bansky.jpg 1943w\" sizes=\"auto, (max-width: 706px) 89vw, (max-width: 767px) 82vw, 740px\" \/><\/figure>\n\n\n\n<h2 class=\"wp-block-heading\"><strong>Qu\u2019est-ce qu\u2019une conf\u00e9rence &nbsp;gesticul\u00e9e ?<\/strong><\/h2>\n\n\n\n<p>C\u2019est une prise de parole publique sous la forme d\u2019un spectacle politique militant, construite par une personne \u00e0 partir de ses exp\u00e9riences, c\u2019est un acte d\u2019\u00e9ducation populaire fond\u00e9 sur l\u2019envie de partager ce qu\u2019on a compris. En ajoutant sa conf\u00e9rence \u00e0 celles qui existent, chacun participe \u00e0 l\u2019\u00e9laboration d\u2019un rapport de forces anticapitaliste et invite \u00e0 se poser la question de sa propre place dans ce syst\u00e8me. Acte subversif, la conf\u00e9rence gesticul\u00e9e transgresse la l\u00e9gitimit\u00e9 (toujours contest\u00e9e) \u00e0 parler en public. Elle d\u00e9voile, d\u00e9nonce, questionne et analyse les m\u00e9canismes d\u2019une domination dans un domaine donn\u00e9, souvent professionnel. h<a href=\"https:\/\/www.ardeur.net\/conferences-gesticulees\/\">ttps:\/\/www.ardeur.net\/conferences-gesticulees\/<\/a><\/p>\n\n\n\n<h2 class=\"wp-block-heading\"><strong>Le gesticulant<\/strong><\/h2>\n\n\n\n<p>Franck Courtois, a pass\u00e9 plus de trente ans sur les tatamis de la F\u00e9d\u00e9ration Fran\u00e7aise de Judo&nbsp;!<\/p>\n\n\n\n<div class=\"wp-block-group is-nowrap is-layout-flex wp-container-core-group-is-layout-ad2f72ca wp-block-group-is-layout-flex\">\n<div class=\"wp-block-columns is-layout-flex wp-container-core-columns-is-layout-9d6595d7 wp-block-columns-is-layout-flex\">\n<div class=\"wp-block-column is-layout-flow wp-block-column-is-layout-flow\" style=\"flex-basis:100%\">\n<figure class=\"wp-block-gallery has-nested-images columns-default is-cropped wp-block-gallery-1 is-layout-flex wp-block-gallery-is-layout-flex\"><div class=\"wp-block-image\">\n<figure class=\"aligncenter size-large\"><img loading=\"lazy\" decoding=\"async\" width=\"1024\" height=\"576\" data-id=\"382\" src=\"http:\/\/lepalanhardi.fr\/wp-content\/uploads\/2023\/12\/conf-1024x576.jpg\" alt=\"\" class=\"wp-image-382\" srcset=\"https:\/\/lepalanhardi.fr\/wp-content\/uploads\/2023\/12\/conf-1024x576.jpg 1024w, https:\/\/lepalanhardi.fr\/wp-content\/uploads\/2023\/12\/conf-300x169.jpg 300w, https:\/\/lepalanhardi.fr\/wp-content\/uploads\/2023\/12\/conf-768x432.jpg 768w, https:\/\/lepalanhardi.fr\/wp-content\/uploads\/2023\/12\/conf-1536x864.jpg 1536w, https:\/\/lepalanhardi.fr\/wp-content\/uploads\/2023\/12\/conf.jpg 1920w\" sizes=\"auto, (max-width: 706px) 89vw, (max-width: 767px) 82vw, 740px\" \/><\/figure>\n<\/div><\/figure>\n<\/div>\n<\/div>\n<\/div>\n\n\n\n<p>C&rsquo;est de cette exp\u00e9rience dont il t\u00e9moigne et sur laquelle il s&rsquo;appuie pour <em><strong>d\u00e9voiler<\/strong><\/em> les coulisses du sport de haut niveau, <em><strong>questionner<\/strong><\/em> les valeurs positives, humanistes et \u00e9ducatives du sport commun\u00e9ment admises, mais aussi <em><strong>critiquer <\/strong><\/em>la logique de comp\u00e9tition et de s\u00e9lection qui y r\u00e8gne, tout comme dans notre soci\u00e9t\u00e9.<\/p>\n\n\n\n<p>Aujourd&rsquo;hui repenti des tatamis, il d\u00e9veloppe diverses activit\u00e9s dans le domaine de <strong>l&rsquo;\u00e9ducation populaire<\/strong> via le th\u00e9\u00e2tre forum et l&rsquo;accompagnement de collectifs pour favoriser des alternatives coop\u00e9ratives et \u00e9mancipatrices.<\/p>\n\n\n\n<h2 class=\"wp-block-heading\">En bref&#8230;<\/h2>\n\n\n\n<p>Dur\u00e9e : 1h30 environ, possibilit\u00e9 de poursuivre avec une discussion voir un atelier.<\/p>\n\n\n\n<h2 class=\"wp-block-heading\">Mots cl\u00e9s<\/h2>\n\n\n\n<p>Sport, Judo, \u00c9ducation populaire, Sportivation de la vie, Violences, Comp\u00e9tition, Capitalisme culturel..<\/p>\n\n\n\n<h2 class=\"wp-block-heading\">On en parle<\/h2>\n\n\n\n<p><a href=\"https:\/\/www.sogoodstories.com\/episode\/jeux-2024-paris-educatif-2\/\">https:\/\/www.sogoodstories.com\/episode\/jeux-2024-paris-educatif-2\/<\/a><\/p>\n\n\n\n<h2 class=\"wp-block-heading\">Cr\u00e9ation<\/h2>\n\n\n\n<p>2018 avec l&rsquo;Universit\u00e9 populaire de Nantes et l&rsquo;Ardeur (SCOP d&rsquo;\u00e9ducation populaire politique)<\/p>\n\n\n\n<h2 class=\"wp-block-heading\">Contacts<\/h2>\n\n\n\n<p>Franck COURTOIS &#8211; 06.66.71.08.63 &#8211; franckcourtois@yahoo.fr<\/p>\n\n\n\n<figure class=\"wp-block-gallery aligncenter has-nested-images columns-default is-cropped wp-block-gallery-2 is-layout-flex wp-block-gallery-is-layout-flex\">\n<figure class=\"wp-block-image size-large\"><img loading=\"lazy\" decoding=\"async\" width=\"768\" height=\"1024\" data-id=\"386\" src=\"http:\/\/lepalanhardi.fr\/wp-content\/uploads\/2023\/12\/Astro2-768x1024.jpeg\" alt=\"\" class=\"wp-image-386\" srcset=\"https:\/\/lepalanhardi.fr\/wp-content\/uploads\/2023\/12\/Astro2-768x1024.jpeg 768w, https:\/\/lepalanhardi.fr\/wp-content\/uploads\/2023\/12\/Astro2-225x300.jpeg 225w, https:\/\/lepalanhardi.fr\/wp-content\/uploads\/2023\/12\/Astro2.jpeg 1080w\" sizes=\"auto, (max-width: 706px) 89vw, (max-width: 767px) 82vw, 740px\" \/><\/figure>\n\n\n\n<figure class=\"wp-block-image size-large\"><img loading=\"lazy\" decoding=\"async\" width=\"1024\" height=\"576\" data-id=\"381\" src=\"http:\/\/lepalanhardi.fr\/wp-content\/uploads\/2023\/12\/confFC-1024x576.jpg\" alt=\"\" class=\"wp-image-381\" srcset=\"https:\/\/lepalanhardi.fr\/wp-content\/uploads\/2023\/12\/confFC-1024x576.jpg 1024w, https:\/\/lepalanhardi.fr\/wp-content\/uploads\/2023\/12\/confFC-300x169.jpg 300w, https:\/\/lepalanhardi.fr\/wp-content\/uploads\/2023\/12\/confFC-768x432.jpg 768w, https:\/\/lepalanhardi.fr\/wp-content\/uploads\/2023\/12\/confFC-1536x864.jpg 1536w, https:\/\/lepalanhardi.fr\/wp-content\/uploads\/2023\/12\/confFC.jpg 1920w\" sizes=\"auto, (max-width: 706px) 89vw, (max-width: 767px) 82vw, 740px\" \/><\/figure>\n\n\n\n<figure class=\"wp-block-image size-large\"><img loading=\"lazy\" decoding=\"async\" width=\"1024\" height=\"576\" data-id=\"391\" src=\"http:\/\/lepalanhardi.fr\/wp-content\/uploads\/2023\/12\/solid-1024x576.jpg\" alt=\"\" class=\"wp-image-391\" srcset=\"https:\/\/lepalanhardi.fr\/wp-content\/uploads\/2023\/12\/solid-1024x576.jpg 1024w, https:\/\/lepalanhardi.fr\/wp-content\/uploads\/2023\/12\/solid-300x169.jpg 300w, https:\/\/lepalanhardi.fr\/wp-content\/uploads\/2023\/12\/solid-768x432.jpg 768w, https:\/\/lepalanhardi.fr\/wp-content\/uploads\/2023\/12\/solid-1536x864.jpg 1536w, https:\/\/lepalanhardi.fr\/wp-content\/uploads\/2023\/12\/solid.jpg 1920w\" sizes=\"auto, (max-width: 706px) 89vw, (max-width: 767px) 82vw, 740px\" \/><\/figure>\n\n\n\n<figure class=\"wp-block-image size-large\"><img loading=\"lazy\" decoding=\"async\" width=\"724\" height=\"1024\" data-id=\"392\" src=\"http:\/\/lepalanhardi.fr\/wp-content\/uploads\/2023\/12\/Confranck-724x1024.jpg\" alt=\"\" class=\"wp-image-392\" srcset=\"https:\/\/lepalanhardi.fr\/wp-content\/uploads\/2023\/12\/Confranck-724x1024.jpg 724w, https:\/\/lepalanhardi.fr\/wp-content\/uploads\/2023\/12\/Confranck-212x300.jpg 212w, https:\/\/lepalanhardi.fr\/wp-content\/uploads\/2023\/12\/Confranck-768x1086.jpg 768w, https:\/\/lepalanhardi.fr\/wp-content\/uploads\/2023\/12\/Confranck-1086x1536.jpg 1086w, https:\/\/lepalanhardi.fr\/wp-content\/uploads\/2023\/12\/Confranck-1448x2048.jpg 1448w, https:\/\/lepalanhardi.fr\/wp-content\/uploads\/2023\/12\/Confranck.jpg 1754w\" sizes=\"auto, (max-width: 724px) 100vw, 724px\" \/><\/figure>\n\n\n\n<figure class=\"wp-block-image size-large\"><img loading=\"lazy\" decoding=\"async\" width=\"724\" height=\"1024\" data-id=\"393\" src=\"http:\/\/lepalanhardi.fr\/wp-content\/uploads\/2023\/12\/MAGfk-724x1024.jpg\" alt=\"\" class=\"wp-image-393\" srcset=\"https:\/\/lepalanhardi.fr\/wp-content\/uploads\/2023\/12\/MAGfk-724x1024.jpg 724w, https:\/\/lepalanhardi.fr\/wp-content\/uploads\/2023\/12\/MAGfk-212x300.jpg 212w, https:\/\/lepalanhardi.fr\/wp-content\/uploads\/2023\/12\/MAGfk-768x1087.jpg 768w, https:\/\/lepalanhardi.fr\/wp-content\/uploads\/2023\/12\/MAGfk-1085x1536.jpg 1085w, https:\/\/lepalanhardi.fr\/wp-content\/uploads\/2023\/12\/MAGfk-1447x2048.jpg 1447w, https:\/\/lepalanhardi.fr\/wp-content\/uploads\/2023\/12\/MAGfk.jpg 1652w\" sizes=\"auto, (max-width: 724px) 100vw, 724px\" \/><\/figure>\n\n\n\n<figure class=\"wp-block-image size-large\"><img loading=\"lazy\" decoding=\"async\" width=\"724\" height=\"1024\" data-id=\"394\" src=\"http:\/\/lepalanhardi.fr\/wp-content\/uploads\/2023\/12\/Conference-Gesticulee-Le-sport-nest-pas-un-jeu-denfant-724x1024.jpg\" alt=\"\" class=\"wp-image-394\" srcset=\"https:\/\/lepalanhardi.fr\/wp-content\/uploads\/2023\/12\/Conference-Gesticulee-Le-sport-nest-pas-un-jeu-denfant-724x1024.jpg 724w, https:\/\/lepalanhardi.fr\/wp-content\/uploads\/2023\/12\/Conference-Gesticulee-Le-sport-nest-pas-un-jeu-denfant-212x300.jpg 212w, https:\/\/lepalanhardi.fr\/wp-content\/uploads\/2023\/12\/Conference-Gesticulee-Le-sport-nest-pas-un-jeu-denfant-768x1086.jpg 768w, https:\/\/lepalanhardi.fr\/wp-content\/uploads\/2023\/12\/Conference-Gesticulee-Le-sport-nest-pas-un-jeu-denfant-1086x1536.jpg 1086w, https:\/\/lepalanhardi.fr\/wp-content\/uploads\/2023\/12\/Conference-Gesticulee-Le-sport-nest-pas-un-jeu-denfant-1448x2048.jpg 1448w, https:\/\/lepalanhardi.fr\/wp-content\/uploads\/2023\/12\/Conference-Gesticulee-Le-sport-nest-pas-un-jeu-denfant.jpg 1653w\" sizes=\"auto, (max-width: 724px) 100vw, 724px\" \/><\/figure>\n<\/figure>\n","protected":false},"excerpt":{"rendered":"<p>Ou, comment je suis pass\u00e9 du sport \u00e0 &#8230;. l&rsquo;\u00e9ducation populaire ! Qu\u2019est-ce qu\u2019une conf\u00e9rence &nbsp;gesticul\u00e9e ? C\u2019est une prise de parole publique sous la forme d\u2019un spectacle politique militant, construite par une personne \u00e0 partir de ses exp\u00e9riences, c\u2019est un acte d\u2019\u00e9ducation populaire fond\u00e9 sur l\u2019envie de partager ce qu\u2019on a compris. En ajoutant &hellip; <\/p>\n<p class=\"link-more\"><a href=\"https:\/\/lepalanhardi.fr\/index.php\/conference-gesticulee\/\" class=\"more-link\">Continuer la lecture<span class=\"screen-reader-text\"> de &laquo;&nbsp;Conf\u00e9rence gesticul\u00e9e \u00ab\u00a0Le sport n&rsquo;est pas un jeu d&rsquo;enfant\u00a0\u00bb&nbsp;&raquo;<\/span><\/a><\/p>\n","protected":false},"author":1,"featured_media":0,"parent":0,"menu_order":0,"comment_status":"closed","ping_status":"closed","template":"","meta":{"footnotes":""},"class_list":["post-374","page","type-page","status-publish","hentry"],"_links":{"self":[{"href":"https:\/\/lepalanhardi.fr\/index.php\/wp-json\/wp\/v2\/pages\/374","targetHints":{"allow":["GET"]}}],"collection":[{"href":"https:\/\/lepalanhardi.fr\/index.php\/wp-json\/wp\/v2\/pages"}],"about":[{"href":"https:\/\/lepalanhardi.fr\/index.php\/wp-json\/wp\/v2\/types\/page"}],"author":[{"embeddable":true,"href":"https:\/\/lepalanhardi.fr\/index.php\/wp-json\/wp\/v2\/users\/1"}],"replies":[{"embeddable":true,"href":"https:\/\/lepalanhardi.fr\/index.php\/wp-json\/wp\/v2\/comments?post=374"}],"version-history":[{"count":10,"href":"https:\/\/lepalanhardi.fr\/index.php\/wp-json\/wp\/v2\/pages\/374\/revisions"}],"predecessor-version":[{"id":423,"href":"https:\/\/lepalanhardi.fr\/index.php\/wp-json\/wp\/v2\/pages\/374\/revisions\/423"}],"wp:attachment":[{"href":"https:\/\/lepalanhardi.fr\/index.php\/wp-json\/wp\/v2\/media?parent=374"}],"curies":[{"name":"wp","href":"https:\/\/api.w.org\/{rel}","templated":true}]}}